 m(b).
33
Suppose 2*l + 5*k - 21 = 0, 4*l - 5*k = -6*k + 15. Let b(q) = -1 + 4*q**2 + 7*q + q**l + 3 - 2*q**3 - 5 + 2. What is b(5)?
9
Let g(i) be the third derivative of i**9/6720 + i**7/5040 - i**6/720 - 4*i**5/5 + 95*i**2. Let j(m) be the third derivative of g(m). What is j(1)?
9
Let h = 13 + -59. Let m = h + 46. Let a(p) be the second derivative of p**5/20 + p**4/12 + p**3/6 - p**2 - p. What is a(m)?
-2
Let f(w) = w**2 + 5*w - 5. Suppose 0 = 5*s + 237 - 952. Let t(k) = -50*k + 2. Let h be t(3). Let a = h + s. Determine f(a).
-5
Let f(u) = -u**3 + 4*u**2 - 4*u + 6. Suppose 5*k - 4 = -9. Let d be (-5 - (k - 2)) + 4. Suppose 3*a + 20 = 2*z, -4*z + d*a + 16 = -8. Give f(z).
-10
Let t be 1368/(-608)*40/6. Let s(h) = 3*h + 64. Let i(x) = x + 22. Let c(g) = 8*i(g) - 3*s(g). Determine c(t).
-1
Let c(u) = u**3 - 10*u**2 + 7*u + 9. Suppose 0 = 3*r - 6, -r + 6*r - 22 = -2*h. Let g = 15 - h. Calculate c(g).
-9
Let j(d) = -d**3 + 11*d**2 - 11*d + 2. Suppose 222*o - 5*q = 227*o - 5, -4*o = 3*q - 12. Calculate j(o).
65
Let l(y) be the second derivative of y**3 - 5*y**2 + 2*y + 302. Calculate l(-21).
-136
Let b(u) = 16*u - 212. Suppose -3*r = 2*g - 39, -419*r - 13 = -420*r - 5*g. Determine b(r).
-4
Let l(x) be the first derivative of x**2 - 4*x + 1. Let g be ((-2)/4)/(-9*(-21)/2268) - -3. Give l(g).
-10
Let m(f) = -27*f**3 + f**2 + 2*f + 1. Let l = -32 + 42. Suppose 8*o = l*o - 26. Suppose -8*h + 5 = o. Determine m(h).
27
Let n(z) be the first derivative of z**5/20 + 2*z**4/3 + 7*z**3/6 - 9*z**2/2 + 67*z + 32. Let d(h) be the first derivative of n(h). Determine d(-7).
-9
Let l(b) = 825 + 1005 - 9*b - 1854. Give l(4).
-60
Let g(s) be the first derivative of -s**3 + 1/2*s**2 + 3/4*s**4 + 2*s + 97. Calculate g(2).
16
Let g be (-1*9/26 - (-32)/(-208))*10. Let a(n) be the second derivative of 2*n**3/3 - 2*n**2 - 10*n. Give a(g).
-24
Let l(i) = 6 - 38 - 116*i + 99*i + 97. Calculate l(4).
-3
Let g(w) = 3 - 1 - w**2 - 5*w + 2*w. Let s = 18442 + -18448. Determine g(s).
-16
Let q(y) = 37*y - 40*y + y**3 - 2*y**3 + 5*y - 5*y**2 + 3 + 5*y. Let j = -4 + -2. Determine q(j).
-3
Let f = 5029 + -5026. Let x(n) = 17*n**2 - 49*n - 3. Calculate x(f).
3
Let a(c) = 26*c - 9. Let d be a(-13). Let y = d + 350. Let w(g) = -g**3 + 3*g**2 - 2*g - 1. Calculate w(y).
-7
Let x(q) = -11*q - 61. Let i(r) = -14*r**2 + 64*r - 80. Let c be i(2). Give x(c).
27
Let i(c) = -10*c**2 + 82*c - 4 - 25*c + 635*c**3 - 636*c**3. What is i(-14)?
-18
Let f(y) = 257*y + 39 - 69*y - 58*y - 62*y - 60*y. Determine f(-5).
-1
Let z(m) = 144 + 4*m + 68*m**2 - 146 - 65*m**2. Determine z(1).
5
Let y(v) = v**3 + 7*v**2 + 10*v + 4. Let q(w) = -w**3 + 14*w**2 - 2*w - 115. Let b be q(13). Suppose 5 = 2*k - 5*a, 5*k - 32*a = -b*a - 13. Give y(k).
4
Let i(g) = 11*g - 10. Let k be (36/6)/6 + (6 - 1). Give i(k).
56
Let h = 828 - 821. Let m(z) = 50*z + h - 20*z - 29*z. Determine m(7).
14
Let a(h) = h**3 + 6*h**2 - h - 4. Let v(w) = w**2 + w + 1. Let q(m) = 7*m**2 + 27*m + 9. Let f(g) = -q(g) + 3*v(g). Let b be f(-6). What is a(b)?
2
Let i(b) be the third derivative of b**5/60 + b**4/24 + b**3 - 15*b**2 - 4. Let n(l) = -l**2 - 3*l - 6. Let r(u) = 7*i(u) + 6*n(u). Calculate r(7).
-22
Let b = 135 - 130. Suppose -4*n + 4 + 28 = 0. Suppose -3*l + n = b*l. Let s(t) = 8*t**2 + t - 1. Determine s(l).
8
Let z be (-187)/68*2 + (-18)/(-3). Let s(m) be the second derivative of -z*m**2 + 2*m + 0 - 7/6*m**3. Determine s(-1).
6
Let x(k) = -6*k**2 - 9*k - k**3 + 1598 + 10*k**2 - 1608 + 3*k**2. Calculate x(3).
-1
Let a be 26/6 - 4/(-6). Let l(q) be the third derivative of -q**4/12 + q**3/3 - 21*q**2 - 2*q - 12. Determine l(a).
-8
Let k(w) = -w**2 - 5*w - 21. Suppose -4*f = 0, -132*a + 131*a - f - 4 = 0. What is k(a)?
-17
Let s(d) = -d**3 + 6*d**2 - 4*d - 6. Suppose -15 + 285 = 18*q. Suppose -3*r = -2*t + 7*t - 10, -q = -5*t - 2*r. Calculate s(t).
-1
Suppose -17*g + 77 = 69 + 93. Let f(k) = -k**3 - 4*k**2 + 9*k + 22. Determine f(g).
2
Let n = 34 - 32. Suppose 0 = -n*h - 4 + 8. Let k(y) = 5 - 2 + 1 + 1 + 4*y - y**h. Calculate k(6).
-7
Let m(s) = s**2 + 4*s + 3. Let k(n) = 2*n - 1. Suppose -30 = -3*b - 39. Let a(g) = b*k(g) + m(g). Determine a(5).
21
Let y(h) = 23*h**2 - 69*h + 6. Let d be y(3). Let k be (1/3)/((-2)/(-12)). Let a(f) = f**3 - 1 - 5*f**k - 3*f - 3*f - 6 + 0. What is a(d)?
-7
Let p(a) = -a**3 - 6*a**2 + a - 4. Let y(z) = 2*z**3 + 100*z**2 - 110*z + 17. Let h be y(-51). Let d = h - 431. What is p(d)?
-10
Let f(h) = -2*h**3 + 59*h**2 + 34*h - 112. Suppose v - 768 + 758 = 5*m, 2*v = m + 56. Determine f(v).
8
Let s(d) = -9*d**2 - d - 17. Let k(n) = 2*n + 21. Let x be k(-14). Let z(o) = 4*o**2 + 8. Let h(p) = x*z(p) - 3*s(p). What is h(5)?
-15
Let h(k) be the third derivative of -k**5/60 + 3*k**4/4 - 2*k**3/3 + 34*k**2 - 13. Determine h(19).
-23
Let w(z) = 11*z + 1. Let i(y) = -73*y + 4. Let f(c) = 70*c - 2. Let v(u) = 4*f(u) + 3*i(u). Let l(g) = -2*v(g) + 11*w(g). Let b be (0 + -2 + 3)*5. What is l(b)?
-2
Suppose -77*x + 1717 - 1486 = 0. Let k(n) be the third derivative of 0*n - 6*n**2 + 0 + 1/6*n**x + 1/60*n**5 - 5/24*n**4. Calculate k(2).
-5
Let n(h) = -16*h. Suppose 3*m + 3*p + p = 54, 2*m + 3*p = 37. Let j(f) = f**3 - 14*f**2 - 2*f + 14. Let g be j(m). Let r = 13 + g. Determine n(r).
16
Let g(p) = -19*p**3 - p**2 - 8*p - 12. Let o(x) = -5*x**3 - 2*x - 1. Let y(q) = -g(q) + 4*o(q). What is y(2)?
4
Let o(s) be the third derivative of -s**6/120 + s**5/60 - s**4/8 - s**3/3 + 1449*s**2. Give o(2).
-12
Suppose 11*c + 5*o - 12 = 9*c, c = 2*o + 6. Let r(y) = -y**2 - 9*y - 2. Let m(b) = b**2 + 8*b + 2. Let x(w) = c*m(w) + 5*r(w). What is x(-4)?
6
Let u be 1 - (1 + 3) - -9. Let r(y) = 6*y**2 + 23 - 43*y**3 + 128*y**3 + 2*y - 44*y**3 - 42*y**3 - 29. What is r(u)?
6
Let p(y) = -3*y**2 + 18*y + 7. Let m = 206 + -200. Let o(i) = -i**2 + 6*i + 2. Let n(c) = m*p(c) - 17*o(c). Determine n(7).
1
Let o(c) = 18*c + 91. Let p = 6751 - 6755. Determine o(p).
19
Let j(o) = -61*o + 53*o + 1 + 3*o**3 + 3*o**2 - 2*o**3 + 9. Calculate j(4).
90
Suppose -2*v - 3*o = -7*v + 21, 0 = 5*v - 4*o - 18. Suppose -28*z + 51 = -5. Let w(l) = 2*l**z + 5*l**2 - 2*l**3 - 24*l + l**3 + 11*l + 5*l. Give w(v).
-12
Let v(w) be the third derivative of 0 - 3/2*w**3 + 1/60*w**5 - 1/8*w**4 + 193*w**2 + 0*w. Give v(4).
-5
Let j = 7756 + -7756. Let g(p) = p**3 + 11*p + 4. Give g(j).
4
Let i(w) = -w**2 + 28*w + 109. Let g be i(26). Let n = g + -165. Let x(a) = a**3 + 5*a**2 + 4. What is x(n)?
20
Let u(p) be the second derivative of p**5/60 + p**4/8 + p**3/3 - 8*p. Let l(a) be the second derivative of u(a). Let j = 376 - 373. What is l(j)?
9
Let k(g) be the first derivative of -g**2/2 + 4*g - 2. Let n be 80/(-30)*(-2 + 17/4). Let c be (-32)/(-4) + (n - -3). Determine k(c).
-1
Let b(a) = a - 43. Let h = 23973 + -23956. Calculate b(h).
-26
Let x(m) be the first derivative of -m**4/4 + 4*m**3/3 + 15*m**2/2 - 13*m - 2377. What is x(6)?
5
Let g(m) be the second derivative of m**6/120 + m**5/60 - m**4/8 + 2*m**3/3 + 62*m**2 - 48*m. Let j(n) be the first derivative of g(n). Calculate j(-4).
-32
Let j(w) = -5*w + 6*w - 3*w + 16 + 3*w - 25. Let m(r) = -7*r - 1. Suppose 2*d + 8 = 6. Let q be m(d). What is j(q)?
-3
Let z(y) = -3*y + 24. Let t(n) = 4*n - 23. Let a(o) = -5*t(o) - 6*z(o). Let r be a(-16). Let b(l) = 6*l - r + 11*l - 18*l + 0*l. What is b(-4)?
1
Let b(k) = -k**3 - 6*k**2 + 4*k + 28. Suppose -198*m + 99*m - 594 = 0. What is b(m)?
4
Suppose -a + v = -3, 5*v - 10*v = 0. Let k(b) be the first derivative of -b**3/2 + b**2 + 2*b - 1. Let r(x) be the first derivative of k(x). Give r(a).
-7
Let i(z) = -6*z**3 - 16*z + z**3 - 6 - z**3 + 11*z + 6*z**2 + 5*z**3. What is i(4)?
6
Let p(l) = -l**2 - 7*l + 14. Let s(m) = -3*m**2 - 22*m + 44. Let z(i) = -7*p(i) + 2*s(i). Let j = -173 - -167. What is z(j)?
-4
Let k(l) = -l**3 - 6*l**2 - 3*l + 11. Let f(v) = 2*v**3 + 26*v**2 + 54*v + 106. Let x be f(-11). What is k(x)?
-9
Let o(k) be the second derivative of 5*k**3/2 + 5*k**2 + 6*k + 129. Determine o(-2).
-20
Let v(q) be the second derivative of q**4/12 + 3*q**3 - 34*q**2 - 8*q + 34. Calculate v(-21).
-5
Let w(x) be the third derivative of -x**6/120 - 7*x**5/60 - x**4/12 - 5*x**3/3 - 9466*x**2 + 1. Let o(d) = 6 - 2 - 2 + 3*d. Let c be o(-3). What is w(c)?
4
Let g(t) = t**3 - 3*t**2 - 6*t +